{"id":19589,"date":"2022-09-28T13:48:22","date_gmt":"2022-09-28T13:48:22","guid":{"rendered":"https:\/\/casais.pt\/portefolio\/terracos-do-atlantico-condominium\/"},"modified":"2022-11-17T13:32:56","modified_gmt":"2022-11-17T13:32:56","slug":"terracos-do-atlantico-condominium","status":"publish","type":"portefolio","link":"https:\/\/casais.pt\/en\/portfolio\/terracos-do-atlantico-condominium\/","title":{"rendered":"Terra\u00e7os do Atl\u00e2ntico Condominium"},"content":{"rendered":"<p>Casais Group Project Terra\u00e7os do Atl\u00e2ntico Condominium, in the housing work sector in Luanda, Angola.<\/p>\n","protected":false},"excerpt":{"rendered":"<p>Casais Group Project Terra\u00e7os do Atl\u00e2ntico Condominium, in the housing sector in Luanda, Angola.<\/p>\n","protected":false},"featured_media":13210,"template":"","regioes":[853],"keywords-portefolio":[],"paises":[852],"tipo-de-obra":[828],"_links":{"self":[{"href":"https:\/\/casais.pt\/en\/wp-json\/wp\/v2\/portefolio\/19589"}],"collection":[{"href":"https:\/\/casais.pt\/en\/wp-json\/wp\/v2\/portefolio"}],"about":[{"href":"https:\/\/casais.pt\/en\/wp-json\/wp\/v2\/types\/portefolio"}],"version-history":[{"count":2,"href":"https:\/\/casais.pt\/en\/wp-json\/wp\/v2\/portefolio\/19589\/revisions"}],"predecessor-version":[{"id":21764,"href":"https:\/\/casais.pt\/en\/wp-json\/wp\/v2\/portefolio\/19589\/revisions\/21764"}],"wp:featuredmedia":[{"embeddable":true,"href":"https:\/\/casais.pt\/en\/wp-json\/wp\/v2\/media\/13210"}],"wp:attachment":[{"href":"https:\/\/casais.pt\/en\/wp-json\/wp\/v2\/media?parent=19589"}],"wp:term":[{"taxonomy":"regioes","embeddable":true,"href":"https:\/\/casais.pt\/en\/wp-json\/wp\/v2\/regioes?post=19589"},{"taxonomy":"keywords-portefolio","embeddable":true,"href":"https:\/\/casais.pt\/en\/wp-json\/wp\/v2\/keywords-portefolio?post=19589"},{"taxonomy":"paises","embeddable":true,"href":"https:\/\/casais.pt\/en\/wp-json\/wp\/v2\/paises?post=19589"},{"taxonomy":"tipo-de-obra","embeddable":true,"href":"https:\/\/casais.pt\/en\/wp-json\/wp\/v2\/tipo-de-obra?post=19589"}],"curies":[{"name":"wp","href":"https:\/\/api.w.org\/{rel}","templated":true}]}}

Terraços do Atlântico Condominium

<p>Casais Group Project Terraços do Atlântico Condominium, in the housing work sector in Luanda, Angola.</p>

<p>Casais Group Project Terraços do Atlântico Condominium, in the housing sector in Luanda, Angola.</p>
