{"id":19597,"date":"2022-09-28T13:48:40","date_gmt":"2022-09-28T13:48:40","guid":{"rendered":"https:\/\/casais.pt\/portefolio\/condominium-terracos-do-atlantico\/"},"modified":"2023-01-02T22:39:09","modified_gmt":"2023-01-02T22:39:09","slug":"condominium-terracos-do-atlantico","status":"publish","type":"portefolio","link":"https:\/\/casais.pt\/fr\/realisations\/condominium-terracos-do-atlantico\/","title":{"rendered":"Copropri\u00e9t\u00e9 Terra\u00e7os do Atl\u00e2ntico"},"content":{"rendered":"<p>Projet du Groupe Casais Copropri\u00e9t\u00e9 Terra\u00e7os do Atl\u00e2ntico, dans le secteur r\u00e9sidentiel \u00e0 Luanda, en Angola.<\/p>\n","protected":false},"excerpt":{"rendered":"<p>Projet du Groupe Casais Copropri\u00e9t\u00e9 Terra\u00e7os do Atl\u00e2ntico, dans le secteur r\u00e9sidentiel \u00e0 Luanda, en Angola.<\/p>\n","protected":false},"featured_media":13211,"template":"","regioes":[873],"keywords-portefolio":[],"paises":[867],"tipo-de-obra":[837],"_links":{"self":[{"href":"https:\/\/casais.pt\/fr\/wp-json\/wp\/v2\/portefolio\/19597"}],"collection":[{"href":"https:\/\/casais.pt\/fr\/wp-json\/wp\/v2\/portefolio"}],"about":[{"href":"https:\/\/casais.pt\/fr\/wp-json\/wp\/v2\/types\/portefolio"}],"version-history":[{"count":2,"href":"https:\/\/casais.pt\/fr\/wp-json\/wp\/v2\/portefolio\/19597\/revisions"}],"predecessor-version":[{"id":23762,"href":"https:\/\/casais.pt\/fr\/wp-json\/wp\/v2\/portefolio\/19597\/revisions\/23762"}],"wp:featuredmedia":[{"embeddable":true,"href":"https:\/\/casais.pt\/fr\/wp-json\/wp\/v2\/media\/13211"}],"wp:attachment":[{"href":"https:\/\/casais.pt\/fr\/wp-json\/wp\/v2\/media?parent=19597"}],"wp:term":[{"taxonomy":"regioes","embeddable":true,"href":"https:\/\/casais.pt\/fr\/wp-json\/wp\/v2\/regioes?post=19597"},{"taxonomy":"keywords-portefolio","embeddable":true,"href":"https:\/\/casais.pt\/fr\/wp-json\/wp\/v2\/keywords-portefolio?post=19597"},{"taxonomy":"paises","embeddable":true,"href":"https:\/\/casais.pt\/fr\/wp-json\/wp\/v2\/paises?post=19597"},{"taxonomy":"tipo-de-obra","embeddable":true,"href":"https:\/\/casais.pt\/fr\/wp-json\/wp\/v2\/tipo-de-obra?post=19597"}],"curies":[{"name":"wp","href":"https:\/\/api.w.org\/{rel}","templated":true}]}}

Copropriété Terraços do Atlântico

<p>Projet du Groupe Casais Copropriété Terraços do Atlântico, dans le secteur résidentiel à Luanda, en Angola.</p>
