{"id":19629,"date":"2022-09-28T13:58:02","date_gmt":"2022-09-28T13:58:02","guid":{"rendered":"https:\/\/casais.pt\/portefolio\/batiment-santa-marta\/"},"modified":"2023-01-02T22:29:59","modified_gmt":"2023-01-02T22:29:59","slug":"batiment-santa-marta","status":"publish","type":"portefolio","link":"https:\/\/casais.pt\/fr\/realisations\/batiment-santa-marta\/","title":{"rendered":"B\u00e2timent Santa Marta"},"content":{"rendered":"<p>Projet du Groupe Casais B\u00e2timent Santa Marta, dans le secteur r\u00e9sidentiel et de la r\u00e9habilitation \u00e0 Lisbonne, Portugal.<\/p>\n","protected":false},"excerpt":{"rendered":"<p>Projet du Groupe Casais B\u00e2timent Santa Marta, dans le secteur r\u00e9sidentiel et de la r\u00e9habilitation \u00e0 Lisbonne, Portugal.<\/p>\n","protected":false},"featured_media":11615,"template":"","regioes":[838],"keywords-portefolio":[],"paises":[826],"tipo-de-obra":[833,837],"_links":{"self":[{"href":"https:\/\/casais.pt\/fr\/wp-json\/wp\/v2\/portefolio\/19629"}],"collection":[{"href":"https:\/\/casais.pt\/fr\/wp-json\/wp\/v2\/portefolio"}],"about":[{"href":"https:\/\/casais.pt\/fr\/wp-json\/wp\/v2\/types\/portefolio"}],"version-history":[{"count":3,"href":"https:\/\/casais.pt\/fr\/wp-json\/wp\/v2\/portefolio\/19629\/revisions"}],"predecessor-version":[{"id":23743,"href":"https:\/\/casais.pt\/fr\/wp-json\/wp\/v2\/portefolio\/19629\/revisions\/23743"}],"wp:featuredmedia":[{"embeddable":true,"href":"https:\/\/casais.pt\/fr\/wp-json\/wp\/v2\/media\/11615"}],"wp:attachment":[{"href":"https:\/\/casais.pt\/fr\/wp-json\/wp\/v2\/media?parent=19629"}],"wp:term":[{"taxonomy":"regioes","embeddable":true,"href":"https:\/\/casais.pt\/fr\/wp-json\/wp\/v2\/regioes?post=19629"},{"taxonomy":"keywords-portefolio","embeddable":true,"href":"https:\/\/casais.pt\/fr\/wp-json\/wp\/v2\/keywords-portefolio?post=19629"},{"taxonomy":"paises","embeddable":true,"href":"https:\/\/casais.pt\/fr\/wp-json\/wp\/v2\/paises?post=19629"},{"taxonomy":"tipo-de-obra","embeddable":true,"href":"https:\/\/casais.pt\/fr\/wp-json\/wp\/v2\/tipo-de-obra?post=19629"}],"curies":[{"name":"wp","href":"https:\/\/api.w.org\/{rel}","templated":true}]}}

Bâtiment Santa Marta

<p>Projet du Groupe Casais Bâtiment Santa Marta, dans le secteur résidentiel et de la réhabilitation à Lisbonne, Portugal.</p>
